{"id":309,"date":"2021-04-16T11:03:07","date_gmt":"2021-04-16T09:03:07","guid":{"rendered":"http:\/\/pnhaqvo.cluster029.hosting.ovh.net\/?post_type=jetpack-testimonial&#038;p=309"},"modified":"2021-04-16T11:10:33","modified_gmt":"2021-04-16T09:10:33","slug":"veronika-bulycheva-chante-lame-de-la-russie-eternelle-interview","status":"publish","type":"jetpack-testimonial","link":"https:\/\/veronikabulycheva.com\/index.php\/testimonial\/veronika-bulycheva-chante-lame-de-la-russie-eternelle-interview\/","title":{"rendered":"Breizh-Info"},"content":{"rendered":"\n<h2 class=\"wp-block-heading\">Veronika Bulycheva chante l\u2019\u00e2me de la Russie \u00e9ternelle [interview]<\/h2>\n\n\n\n<p>Chanteuse, guitariste, compositeur interpr\u00e8te, Veronika Bulycheva \u00e9tait de passage \u00e0 Nantes r\u00e9cemment. Breizh-info a rencontr\u00e9 cette artiste russe pleine de talent.<\/p>\n\n\n\n<p><strong>Breizh-info : Comment avez-vous opt\u00e9 pour un cursus musical ?&nbsp;<\/strong><\/p>\n\n\n\n<p><strong>Veronika Bulycheva\u00a0:<\/strong>\u00a0Tr\u00e8s t\u00f4t,\u00a0\u00e0\u00a0l\u2019\u00e2ge de la maternelle, j\u2019ai d\u00e9couvert que j\u2019aimais la musique, je voulais chanter sur sc\u00e8ne. Mais,\u00a0ma voix\u00a0\u00e9tant faible \u2013\u00a0\u00e0\u00a0cette\u00a0\u00e9poque il n y avait pas de sonorisation ni micro \u2013 on ne me laissait pas chanter sur scene en solo. Vers 8 ans, j\u2019ai commenc\u00e9 \u00e0 jouer\u00a0jouer de l\u2019accord\u00e9on, celui de ma m\u00e8re, \u00e0\u00a0l\u2019oreille, car dans le village il n\u2019y avait pas d\u2019\u00e9cole de musique. Puis, dans les ann\u00e9es 70 appara\u00eet la mode pour la guitare\u00a0\u00e0\u00a06 cordes, ma m\u00e8re en a achet\u00e9\u00a0une et j\u2019ai appris \u00e0 jouer de la guitare\u00a0en \u00e9coutant les disques vinyles.<\/p>\n\n\n\n<div class=\"wp-block-buttons is-layout-flex wp-block-buttons-is-layout-flex\">\n<div class=\"wp-block-button\"><a class=\"wp-block-button__link\" href=\"https:\/\/www.breizh-info.com\/2019\/04\/28\/117437\/117437\/\" target=\"_blank\" rel=\"noreferrer noopener\">lire l&rsquo;article<\/a><\/div>\n<\/div>\n","protected":false},"excerpt":{"rendered":"<p>Veronika Bulycheva chante l\u2019\u00e2me de la Russie \u00e9ternelle [interview] Chanteuse, guitariste, compositeur interpr\u00e8te, Veronika Bulycheva \u00e9tait de passage \u00e0 Nantes r\u00e9cemment. Breizh-info a rencontr\u00e9 cette artiste russe pleine de talent.<span class=\"more-button\"><a href=\"https:\/\/veronikabulycheva.com\/index.php\/testimonial\/veronika-bulycheva-chante-lame-de-la-russie-eternelle-interview\/\" class=\"more-link\">Continue reading<span class=\"screen-reader-text\">Breizh-Info<\/span><\/a><\/span><\/p>\n","protected":false},"featured_media":0,"menu_order":0,"template":"","class_list":["post-309","jetpack-testimonial","type-jetpack-testimonial","status-publish","hentry"],"_links":{"self":[{"href":"https:\/\/veronikabulycheva.com\/index.php\/wp-json\/wp\/v2\/jetpack-testimonial\/309","targetHints":{"allow":["GET"]}}],"collection":[{"href":"https:\/\/veronikabulycheva.com\/index.php\/wp-json\/wp\/v2\/jetpack-testimonial"}],"about":[{"href":"https:\/\/veronikabulycheva.com\/index.php\/wp-json\/wp\/v2\/types\/jetpack-testimonial"}],"version-history":[{"count":3,"href":"https:\/\/veronikabulycheva.com\/index.php\/wp-json\/wp\/v2\/jetpack-testimonial\/309\/revisions"}],"predecessor-version":[{"id":316,"href":"https:\/\/veronikabulycheva.com\/index.php\/wp-json\/wp\/v2\/jetpack-testimonial\/309\/revisions\/316"}],"wp:attachment":[{"href":"https:\/\/veronikabulycheva.com\/index.php\/wp-json\/wp\/v2\/media?parent=309"}],"curies":[{"name":"wp","href":"https:\/\/api.w.org\/{rel}","templated":true}]}}

<h2 class="wp-block-heading">Veronika Bulycheva chante l’âme de la Russie éternelle [interview]</h2>



<p>Chanteuse, guitariste, compositeur interprète, Veronika Bulycheva était de passage à Nantes récemment. Breizh-info a rencontré cette artiste russe pleine de talent.</p>



<p><strong>Breizh-info : Comment avez-vous opté pour un cursus musical ?&nbsp;</strong></p>



<p><strong>Veronika Bulycheva :</strong> Très tôt, à l’âge de la maternelle, j’ai découvert que j’aimais la musique, je voulais chanter sur scène. Mais, ma voix étant faible – à cette époque il n y avait pas de sonorisation ni micro – on ne me laissait pas chanter sur scene en solo. Vers 8 ans, j’ai commencé à jouer jouer de l’accordéon, celui de ma mère, à l’oreille, car dans le village il n’y avait pas d’école de musique. Puis, dans les années 70 apparaît la mode pour la guitare à 6 cordes, ma mère en a acheté une et j’ai appris à jouer de la guitare en écoutant les disques vinyles.</p>



<div class="wp-block-buttons is-layout-flex wp-block-buttons-is-layout-flex">
<div class="wp-block-button"><a class="wp-block-button__link" href="https://www.breizh-info.com/2019/04/28/117437/117437/" target="_blank" rel="noreferrer noopener">lire l&rsquo;article</a></div>
</div>

<p>Veronika Bulycheva chante l’âme de la Russie éternelle [interview] Chanteuse, guitariste, compositeur interprète, Veronika Bulycheva était de passage à Nantes récemment. Breizh-info a rencontré cette artiste russe pleine de talent.<span class="more-button"><a href="https://veronikabulycheva.com/index.php/testimonial/veronika-bulycheva-chante-lame-de-la-russie-eternelle-interview/" class="more-link">Continue reading<span class="screen-reader-text">Breizh-Info</span></a></span></p>
