{"id":749,"date":"2021-06-17T10:58:56","date_gmt":"2021-06-17T08:58:56","guid":{"rendered":"https:\/\/veronikabulycheva.com\/?post_type=event&#038;p=749"},"modified":"2022-06-05T18:46:38","modified_gmt":"2022-06-05T16:46:38","slug":"ensemble-kantika-oiseaux-chanteurs-2","status":"publish","type":"event","link":"https:\/\/veronikabulycheva.com\/index.php\/event\/ensemble-kantika-oiseaux-chanteurs-2\/","title":{"rendered":"Ensemble KANTIKA \u00ab\u00a0Oiseaux Chanteurs\u00a0\u00bb"},"content":{"rendered":"<p>\u00c0 l\u2019occasion du festival OuVERTures, l\u2019Ensemble Sequenza 9.3 invite les OISEAUX CHANTEURS A CHANTAR par l&rsquo;ensemble KANTIKA (musique <span>m\u00e9di\u00e9val<\/span>) :<\/p>\n<p><span>Kristin <span class=\"s1\">Hoefener &#8211; direction artistique, chant, fl\u00fbte \u00e0 bec <\/span><\/span><\/p>\n<p><span><span class=\"s1\">Nidhal Jaoua &#8211; qanun (la harpe d\u2019Orient)<\/span><\/span><\/p>\n<p><span><span class=\"s1\">Veronika Bulycheva &#8211; chant, balala\u00efka<\/span><\/span><\/p>\n","protected":false},"excerpt":{"rendered":"<p>\u00c0 l\u2019occasion du festival OuVERTures, l\u2019Ensemble Sequenza 9.3 invite les OISEAUX CHANTEURS A CHANTAR par l&rsquo;ensemble KANTIKA (musique m\u00e9di\u00e9val) : Kristin Hoefener &#8211; direction artistique, chant, fl\u00fbte \u00e0 bec Nidhal<span class=\"more-button\"><a href=\"https:\/\/veronikabulycheva.com\/index.php\/event\/ensemble-kantika-oiseaux-chanteurs-2\/\" class=\"more-link\">Continue reading<span class=\"screen-reader-text\">Ensemble KANTIKA \u00ab\u00a0Oiseaux Chanteurs\u00a0\u00bb<\/span><\/a><\/span><\/p>\n","protected":false},"author":1,"featured_media":0,"comment_status":"closed","ping_status":"closed","template":"","categories":[78,106],"tags":[107,115,116],"class_list":["post-749","event","type-event","status-publish","hentry","category-concert","category-evenement","tag-annonce","tag-kantika","tag-musique-medieval"],"_links":{"self":[{"href":"https:\/\/veronikabulycheva.com\/index.php\/wp-json\/wp\/v2\/event\/749","targetHints":{"allow":["GET"]}}],"collection":[{"href":"https:\/\/veronikabulycheva.com\/index.php\/wp-json\/wp\/v2\/event"}],"about":[{"href":"https:\/\/veronikabulycheva.com\/index.php\/wp-json\/wp\/v2\/types\/event"}],"author":[{"embeddable":true,"href":"https:\/\/veronikabulycheva.com\/index.php\/wp-json\/wp\/v2\/users\/1"}],"replies":[{"embeddable":true,"href":"https:\/\/veronikabulycheva.com\/index.php\/wp-json\/wp\/v2\/comments?post=749"}],"version-history":[{"count":7,"href":"https:\/\/veronikabulycheva.com\/index.php\/wp-json\/wp\/v2\/event\/749\/revisions"}],"predecessor-version":[{"id":780,"href":"https:\/\/veronikabulycheva.com\/index.php\/wp-json\/wp\/v2\/event\/749\/revisions\/780"}],"wp:attachment":[{"href":"https:\/\/veronikabulycheva.com\/index.php\/wp-json\/wp\/v2\/media?parent=749"}],"wp:term":[{"taxonomy":"category","embeddable":true,"href":"https:\/\/veronikabulycheva.com\/index.php\/wp-json\/wp\/v2\/categories?post=749"},{"taxonomy":"post_tag","embeddable":true,"href":"https:\/\/veronikabulycheva.com\/index.php\/wp-json\/wp\/v2\/tags?post=749"}],"curies":[{"name":"wp","href":"https:\/\/api.w.org\/{rel}","templated":true}]}}

<p>À l’occasion du festival OuVERTures, l’Ensemble Sequenza 9.3 invite les OISEAUX CHANTEURS A CHANTAR par l&rsquo;ensemble KANTIKA (musique <span>médiéval</span>) :</p>
<p><span>Kristin <span class="s1">Hoefener &#8211; direction artistique, chant, flûte à bec </span></span></p>
<p><span><span class="s1">Nidhal Jaoua &#8211; qanun (la harpe d’Orient)</span></span></p>
<p><span><span class="s1">Veronika Bulycheva &#8211; chant, balalaïka</span></span></p>

<p>À l’occasion du festival OuVERTures, l’Ensemble Sequenza 9.3 invite les OISEAUX CHANTEURS A CHANTAR par l&rsquo;ensemble KANTIKA (musique médiéval) : Kristin Hoefener &#8211; direction artistique, chant, flûte à bec Nidhal<span class="more-button"><a href="https://veronikabulycheva.com/index.php/event/ensemble-kantika-oiseaux-chanteurs-2/" class="more-link">Continue reading<span class="screen-reader-text">Ensemble KANTIKA « Oiseaux Chanteurs »</span></a></span></p>
