{"id":717,"date":"2021-06-16T00:39:18","date_gmt":"2021-06-15T22:39:18","guid":{"rendered":"https:\/\/veronikabulycheva.com\/?post_type=event&#038;p=717"},"modified":"2022-06-05T18:47:03","modified_gmt":"2022-06-05T16:47:03","slug":"veronika-bulycheva-fete-de-la-musique","status":"publish","type":"event","link":"https:\/\/veronikabulycheva.com\/index.php\/event\/veronika-bulycheva-fete-de-la-musique\/","title":{"rendered":"Concert de Veronika Bulycheva"},"content":{"rendered":"<p>Dans le cadre de la venue pour le concert au vernissage de peintures de Cynthia Pedrosa dans l&rsquo;ancien<a href=\"http:\/\/www.le-monastere.org\/2021\/05\/21\/expo-de-peintures-de-cynthia-pedrosa-5-au-25-juin-2021\/\"> Monast\u00e8re \u00e0 Ste Croix le 24 juin 2021<\/a> Veronika Bulycheva s&rsquo;arr\u00eate \u00e0 Die pour marquer la f\u00eate de la musique dans le Caf\u00e9-Th\u00e9\u00e2tre Andarta.\u00a0<\/p>\n","protected":false},"excerpt":{"rendered":"<p>Dans le cadre de la venue pour le concert au vernissage de peintures de Cynthia Pedrosa dans l&rsquo;ancien Monast\u00e8re \u00e0 Ste Croix le 24 juin 2021 Veronika Bulycheva s&rsquo;arr\u00eate \u00e0<span class=\"more-button\"><a href=\"https:\/\/veronikabulycheva.com\/index.php\/event\/veronika-bulycheva-fete-de-la-musique\/\" class=\"more-link\">Continue reading<span class=\"screen-reader-text\">Concert de Veronika Bulycheva<\/span><\/a><\/span><\/p>\n","protected":false},"author":1,"featured_media":0,"comment_status":"closed","ping_status":"closed","template":"","categories":[78],"tags":[107,85],"class_list":["post-717","event","type-event","status-publish","hentry","category-concert","tag-annonce","tag-concert"],"_links":{"self":[{"href":"https:\/\/veronikabulycheva.com\/index.php\/wp-json\/wp\/v2\/event\/717","targetHints":{"allow":["GET"]}}],"collection":[{"href":"https:\/\/veronikabulycheva.com\/index.php\/wp-json\/wp\/v2\/event"}],"about":[{"href":"https:\/\/veronikabulycheva.com\/index.php\/wp-json\/wp\/v2\/types\/event"}],"author":[{"embeddable":true,"href":"https:\/\/veronikabulycheva.com\/index.php\/wp-json\/wp\/v2\/users\/1"}],"replies":[{"embeddable":true,"href":"https:\/\/veronikabulycheva.com\/index.php\/wp-json\/wp\/v2\/comments?post=717"}],"version-history":[{"count":5,"href":"https:\/\/veronikabulycheva.com\/index.php\/wp-json\/wp\/v2\/event\/717\/revisions"}],"predecessor-version":[{"id":2510,"href":"https:\/\/veronikabulycheva.com\/index.php\/wp-json\/wp\/v2\/event\/717\/revisions\/2510"}],"wp:attachment":[{"href":"https:\/\/veronikabulycheva.com\/index.php\/wp-json\/wp\/v2\/media?parent=717"}],"wp:term":[{"taxonomy":"category","embeddable":true,"href":"https:\/\/veronikabulycheva.com\/index.php\/wp-json\/wp\/v2\/categories?post=717"},{"taxonomy":"post_tag","embeddable":true,"href":"https:\/\/veronikabulycheva.com\/index.php\/wp-json\/wp\/v2\/tags?post=717"}],"curies":[{"name":"wp","href":"https:\/\/api.w.org\/{rel}","templated":true}]}}

<p>Dans le cadre de la venue pour le concert au vernissage de peintures de Cynthia Pedrosa dans l&rsquo;ancien<a href="http://www.le-monastere.org/2021/05/21/expo-de-peintures-de-cynthia-pedrosa-5-au-25-juin-2021/"> Monastère à Ste Croix le 24 juin 2021</a> Veronika Bulycheva s&rsquo;arrête à Die pour marquer la fête de la musique dans le Café-Théâtre Andarta. </p>

<p>Dans le cadre de la venue pour le concert au vernissage de peintures de Cynthia Pedrosa dans l&rsquo;ancien Monastère à Ste Croix le 24 juin 2021 Veronika Bulycheva s&rsquo;arrête à<span class="more-button"><a href="https://veronikabulycheva.com/index.php/event/veronika-bulycheva-fete-de-la-musique/" class="more-link">Continue reading<span class="screen-reader-text">Concert de Veronika Bulycheva</span></a></span></p>
